{"id":303,"date":"2023-09-11T15:57:38","date_gmt":"2023-09-11T13:57:38","guid":{"rendered":"http:\/\/lesrestanques.eu\/?post_type=mphb_room_service&#038;p=303"},"modified":"2024-03-23T17:43:37","modified_gmt":"2024-03-23T16:43:37","slug":"dejeuner","status":"publish","type":"mphb_room_service","link":"https:\/\/lesrestanques.eu\/index.php\/services\/dejeuner\/","title":{"rendered":"Panier gourmand"},"content":{"rendered":"<p><strong>Panier gourmand 12,5 \u20ac par personne<\/strong><\/p>\n<ul>\n<li>Sandwich fa\u00e7on pain bagnat (salade, crudit\u00e9s\u2026)<\/li>\n<li>Un paquet de chips<\/li>\n<li>Pain fromage<\/li>\n<li>Dessert maison<\/li>\n<li>0,5 cl d\u2019eau ou soda<\/li>\n<\/ul>\n","protected":false},"featured_media":0,"menu_order":0,"comment_status":"open","ping_status":"closed","template":"","class_list":{"0":"post-303","1":"mphb_room_service","2":"type-mphb_room_service","3":"status-publish","5":"mphb-service-pay-per-adult","6":"mphb-service-pay-by-guest-choise"},"yoast_head":"<!-- This site is optimized with the Yoast SEO plugin v27.5 - https:\/\/yoast.com\/product\/yoast-seo-wordpress\/ -->\n<title>Panier gourmand - Les restanques de Cam\u00e9lie<\/title>\n<meta name=\"description\" content=\"Pour le d\u00e9jeuner, nous vous proposons un panier \u00e0 emporter confectionn\u00e9 avec des produits locaux.\" \/>\n<meta name=\"robots\" content=\"index, follow, max-snippet:-1, max-image-preview:large, max-video-preview:-1\" \/>\n<link rel=\"canonical\" href=\"https:\/\/lesrestanques.eu\/index.php\/services\/dejeuner\/\" \/>\n<meta property=\"og:locale\" content=\"fr_FR\" \/>\n<meta property=\"og:type\" content=\"article\" \/>\n<meta property=\"og:title\" content=\"Panier gourmand - Les restanques de Cam\u00e9lie\" \/>\n<meta property=\"og:description\" content=\"Pour le d\u00e9jeuner, nous vous proposons un panier \u00e0 emporter confectionn\u00e9 avec des produits locaux.\" \/>\n<meta property=\"og:url\" content=\"https:\/\/lesrestanques.eu\/index.php\/services\/dejeuner\/\" \/>\n<meta property=\"og:site_name\" content=\"Les restanques de Cam\u00e9lie\" \/>\n<meta property=\"article:publisher\" content=\"https:\/\/www.facebook.com\/profile.php?id=100089796713131\" \/>\n<meta property=\"article:modified_time\" content=\"2024-03-23T16:43:37+00:00\" \/>\n<meta name=\"twitter:card\" content=\"summary_large_image\" \/>\n<meta name=\"twitter:label1\" content=\"Dur\u00e9e de lecture estim\u00e9e\" \/>\n\t<meta name=\"twitter:data1\" content=\"1 minute\" \/>\n<script type=\"application\/ld+json\" class=\"yoast-schema-graph\">{\"@context\":\"https:\\\/\\\/schema.org\",\"@graph\":[{\"@type\":\"WebPage\",\"@id\":\"https:\\\/\\\/lesrestanques.eu\\\/index.php\\\/services\\\/dejeuner\\\/\",\"url\":\"https:\\\/\\\/lesrestanques.eu\\\/index.php\\\/services\\\/dejeuner\\\/\",\"name\":\"Panier gourmand - Les restanques de Cam\u00e9lie\",\"isPartOf\":{\"@id\":\"https:\\\/\\\/lesrestanques.eu\\\/#website\"},\"datePublished\":\"2023-09-11T13:57:38+00:00\",\"dateModified\":\"2024-03-23T16:43:37+00:00\",\"description\":\"Pour le d\u00e9jeuner, nous vous proposons un panier \u00e0 emporter confectionn\u00e9 avec des produits locaux.\",\"breadcrumb\":{\"@id\":\"https:\\\/\\\/lesrestanques.eu\\\/index.php\\\/services\\\/dejeuner\\\/#breadcrumb\"},\"inLanguage\":\"fr-FR\",\"potentialAction\":[{\"@type\":\"ReadAction\",\"target\":[\"https:\\\/\\\/lesrestanques.eu\\\/index.php\\\/services\\\/dejeuner\\\/\"]}]},{\"@type\":\"BreadcrumbList\",\"@id\":\"https:\\\/\\\/lesrestanques.eu\\\/index.php\\\/services\\\/dejeuner\\\/#breadcrumb\",\"itemListElement\":[{\"@type\":\"ListItem\",\"position\":1,\"name\":\"Accueil\",\"item\":\"https:\\\/\\\/lesrestanques.eu\\\/\"},{\"@type\":\"ListItem\",\"position\":2,\"name\":\"Services\",\"item\":\"https:\\\/\\\/lesrestanques.eu\\\/index.php\\\/services\\\/\"},{\"@type\":\"ListItem\",\"position\":3,\"name\":\"Panier gourmand\"}]},{\"@type\":\"WebSite\",\"@id\":\"https:\\\/\\\/lesrestanques.eu\\\/#website\",\"url\":\"https:\\\/\\\/lesrestanques.eu\\\/\",\"name\":\"Les restanques de Cam\u00e9lie\",\"description\":\"Bienvenue dans notre charmante chambre d&#039;h\u00f4te en Ard\u00e8che ! Situ\u00e9e au c\u0153ur de la magnifique r\u00e9gion Auvergne-Rh\u00f4ne-Alpes, notre \u00e9tablissement offre un h\u00e9bergement chaleureux et confortable pour les voyageurs en qu\u00eate d&#039;une exp\u00e9rience authentique.Nos chambres d&#039;h\u00f4tes sont id\u00e9alement situ\u00e9es \u00e0 proximit\u00e9 de Vallon-Pont-d&#039;Arc, Vals les Bains, Ruoms, Salavas et Lagorce, offrant ainsi un acc\u00e8s facile aux principales attractions de la r\u00e9gion, telles que la r\u00e9serve naturelle des Gorges de l&#039;Ard\u00e8che et le Parc naturel r\u00e9gional des Monts d&#039;Ard\u00e8che.\",\"publisher\":{\"@id\":\"https:\\\/\\\/lesrestanques.eu\\\/#organization\"},\"potentialAction\":[{\"@type\":\"SearchAction\",\"target\":{\"@type\":\"EntryPoint\",\"urlTemplate\":\"https:\\\/\\\/lesrestanques.eu\\\/?s={search_term_string}\"},\"query-input\":{\"@type\":\"PropertyValueSpecification\",\"valueRequired\":true,\"valueName\":\"search_term_string\"}}],\"inLanguage\":\"fr-FR\"},{\"@type\":\"Organization\",\"@id\":\"https:\\\/\\\/lesrestanques.eu\\\/#organization\",\"name\":\"Les restanques de Cam\u00e9lie\",\"url\":\"https:\\\/\\\/lesrestanques.eu\\\/\",\"logo\":{\"@type\":\"ImageObject\",\"inLanguage\":\"fr-FR\",\"@id\":\"https:\\\/\\\/lesrestanques.eu\\\/#\\\/schema\\\/logo\\\/image\\\/\",\"url\":\"https:\\\/\\\/lesrestanques.eu\\\/wp-content\\\/uploads\\\/2023\\\/07\\\/20230511_170140-scaled.jpg\",\"contentUrl\":\"https:\\\/\\\/lesrestanques.eu\\\/wp-content\\\/uploads\\\/2023\\\/07\\\/20230511_170140-scaled.jpg\",\"width\":2560,\"height\":1920,\"caption\":\"Les restanques de Cam\u00e9lie\"},\"image\":{\"@id\":\"https:\\\/\\\/lesrestanques.eu\\\/#\\\/schema\\\/logo\\\/image\\\/\"},\"sameAs\":[\"https:\\\/\\\/www.facebook.com\\\/profile.php?id=100089796713131\"]}]}<\/script>\n<!-- \/ Yoast SEO plugin. -->","yoast_head_json":{"title":"Panier gourmand - Les restanques de Cam\u00e9lie","description":"Pour le d\u00e9jeuner, nous vous proposons un panier \u00e0 emporter confectionn\u00e9 avec des produits locaux.","robots":{"index":"index","follow":"follow","max-snippet":"max-snippet:-1","max-image-preview":"max-image-preview:large","max-video-preview":"max-video-preview:-1"},"canonical":"https:\/\/lesrestanques.eu\/index.php\/services\/dejeuner\/","og_locale":"fr_FR","og_type":"article","og_title":"Panier gourmand - Les restanques de Cam\u00e9lie","og_description":"Pour le d\u00e9jeuner, nous vous proposons un panier \u00e0 emporter confectionn\u00e9 avec des produits locaux.","og_url":"https:\/\/lesrestanques.eu\/index.php\/services\/dejeuner\/","og_site_name":"Les restanques de Cam\u00e9lie","article_publisher":"https:\/\/www.facebook.com\/profile.php?id=100089796713131","article_modified_time":"2024-03-23T16:43:37+00:00","twitter_card":"summary_large_image","twitter_misc":{"Dur\u00e9e de lecture estim\u00e9e":"1 minute"},"schema":{"@context":"https:\/\/schema.org","@graph":[{"@type":"WebPage","@id":"https:\/\/lesrestanques.eu\/index.php\/services\/dejeuner\/","url":"https:\/\/lesrestanques.eu\/index.php\/services\/dejeuner\/","name":"Panier gourmand - Les restanques de Cam\u00e9lie","isPartOf":{"@id":"https:\/\/lesrestanques.eu\/#website"},"datePublished":"2023-09-11T13:57:38+00:00","dateModified":"2024-03-23T16:43:37+00:00","description":"Pour le d\u00e9jeuner, nous vous proposons un panier \u00e0 emporter confectionn\u00e9 avec des produits locaux.","breadcrumb":{"@id":"https:\/\/lesrestanques.eu\/index.php\/services\/dejeuner\/#breadcrumb"},"inLanguage":"fr-FR","potentialAction":[{"@type":"ReadAction","target":["https:\/\/lesrestanques.eu\/index.php\/services\/dejeuner\/"]}]},{"@type":"BreadcrumbList","@id":"https:\/\/lesrestanques.eu\/index.php\/services\/dejeuner\/#breadcrumb","itemListElement":[{"@type":"ListItem","position":1,"name":"Accueil","item":"https:\/\/lesrestanques.eu\/"},{"@type":"ListItem","position":2,"name":"Services","item":"https:\/\/lesrestanques.eu\/index.php\/services\/"},{"@type":"ListItem","position":3,"name":"Panier gourmand"}]},{"@type":"WebSite","@id":"https:\/\/lesrestanques.eu\/#website","url":"https:\/\/lesrestanques.eu\/","name":"Les restanques de Cam\u00e9lie","description":"Bienvenue dans notre charmante chambre d&#039;h\u00f4te en Ard\u00e8che ! Situ\u00e9e au c\u0153ur de la magnifique r\u00e9gion Auvergne-Rh\u00f4ne-Alpes, notre \u00e9tablissement offre un h\u00e9bergement chaleureux et confortable pour les voyageurs en qu\u00eate d&#039;une exp\u00e9rience authentique.Nos chambres d&#039;h\u00f4tes sont id\u00e9alement situ\u00e9es \u00e0 proximit\u00e9 de Vallon-Pont-d&#039;Arc, Vals les Bains, Ruoms, Salavas et Lagorce, offrant ainsi un acc\u00e8s facile aux principales attractions de la r\u00e9gion, telles que la r\u00e9serve naturelle des Gorges de l&#039;Ard\u00e8che et le Parc naturel r\u00e9gional des Monts d&#039;Ard\u00e8che.","publisher":{"@id":"https:\/\/lesrestanques.eu\/#organization"},"potentialAction":[{"@type":"SearchAction","target":{"@type":"EntryPoint","urlTemplate":"https:\/\/lesrestanques.eu\/?s={search_term_string}"},"query-input":{"@type":"PropertyValueSpecification","valueRequired":true,"valueName":"search_term_string"}}],"inLanguage":"fr-FR"},{"@type":"Organization","@id":"https:\/\/lesrestanques.eu\/#organization","name":"Les restanques de Cam\u00e9lie","url":"https:\/\/lesrestanques.eu\/","logo":{"@type":"ImageObject","inLanguage":"fr-FR","@id":"https:\/\/lesrestanques.eu\/#\/schema\/logo\/image\/","url":"https:\/\/lesrestanques.eu\/wp-content\/uploads\/2023\/07\/20230511_170140-scaled.jpg","contentUrl":"https:\/\/lesrestanques.eu\/wp-content\/uploads\/2023\/07\/20230511_170140-scaled.jpg","width":2560,"height":1920,"caption":"Les restanques de Cam\u00e9lie"},"image":{"@id":"https:\/\/lesrestanques.eu\/#\/schema\/logo\/image\/"},"sameAs":["https:\/\/www.facebook.com\/profile.php?id=100089796713131"]}]}},"_links":{"self":[{"href":"https:\/\/lesrestanques.eu\/index.php\/wp-json\/wp\/v2\/mphb_room_service\/303","targetHints":{"allow":["GET"]}}],"collection":[{"href":"https:\/\/lesrestanques.eu\/index.php\/wp-json\/wp\/v2\/mphb_room_service"}],"about":[{"href":"https:\/\/lesrestanques.eu\/index.php\/wp-json\/wp\/v2\/types\/mphb_room_service"}],"replies":[{"embeddable":true,"href":"https:\/\/lesrestanques.eu\/index.php\/wp-json\/wp\/v2\/comments?post=303"}],"wp:attachment":[{"href":"https:\/\/lesrestanques.eu\/index.php\/wp-json\/wp\/v2\/media?parent=303"}],"curies":[{"name":"wp","href":"https:\/\/api.w.org\/{rel}","templated":true}]}}

<p><strong>Panier gourmand 12,5 € par personne</strong></p>
<ul>
<li>Sandwich façon pain bagnat (salade, crudités…)</li>
<li>Un paquet de chips</li>
<li>Pain fromage</li>
<li>Dessert maison</li>
<li>0,5 cl d’eau ou soda</li>
</ul>

<!-- This site is optimized with the Yoast SEO plugin v27.5 - https://yoast.com/product/yoast-seo-wordpress/ -->
<title>Panier gourmand - Les restanques de Camélie</title>
<meta name="description" content="Pour le déjeuner, nous vous proposons un panier à emporter confectionné avec des produits locaux." />
<meta name="robots" content="index, follow, max-snippet:-1, max-image-preview:large, max-video-preview:-1" />
<link rel="canonical" href="https://lesrestanques.eu/index.php/services/dejeuner/" />
<meta property="og:locale" content="fr_FR" />
<meta property="og:type" content="article" />
<meta property="og:title" content="Panier gourmand - Les restanques de Camélie" />
<meta property="og:description" content="Pour le déjeuner, nous vous proposons un panier à emporter confectionné avec des produits locaux." />
<meta property="og:url" content="https://lesrestanques.eu/index.php/services/dejeuner/" />
<meta property="og:site_name" content="Les restanques de Camélie" />
<meta property="article:publisher" content="https://www.facebook.com/profile.php?id=100089796713131" />
<meta property="article:modified_time" content="2024-03-23T16:43:37+00:00" />
<meta name="twitter:card" content="summary_large_image" />
<meta name="twitter:label1" content="Durée de lecture estimée" />
	<meta name="twitter:data1" content="1 minute" />
<script type="application/ld+json" class="yoast-schema-graph">{"@context":"https:\/\/schema.org","@graph":[{"@type":"WebPage","@id":"https:\/\/lesrestanques.eu\/index.php\/services\/dejeuner\/","url":"https:\/\/lesrestanques.eu\/index.php\/services\/dejeuner\/","name":"Panier gourmand - Les restanques de Camélie","isPartOf":{"@id":"https:\/\/lesrestanques.eu\/#website"},"datePublished":"2023-09-11T13:57:38+00:00","dateModified":"2024-03-23T16:43:37+00:00","description":"Pour le déjeuner, nous vous proposons un panier à emporter confectionné avec des produits locaux.","breadcrumb":{"@id":"https:\/\/lesrestanques.eu\/index.php\/services\/dejeuner\/#breadcrumb"},"inLanguage":"fr-FR","potentialAction":[{"@type":"ReadAction","target":["https:\/\/lesrestanques.eu\/index.php\/services\/dejeuner\/"]}]},{"@type":"BreadcrumbList","@id":"https:\/\/lesrestanques.eu\/index.php\/services\/dejeuner\/#breadcrumb","itemListElement":[{"@type":"ListItem","position":1,"name":"Accueil","item":"https:\/\/lesrestanques.eu\/"},{"@type":"ListItem","position":2,"name":"Services","item":"https:\/\/lesrestanques.eu\/index.php\/services\/"},{"@type":"ListItem","position":3,"name":"Panier gourmand"}]},{"@type":"WebSite","@id":"https:\/\/lesrestanques.eu\/#website","url":"https:\/\/lesrestanques.eu\/","name":"Les restanques de Camélie","description":"Bienvenue dans notre charmante chambre d&#039;hôte en Ardèche ! Située au cœur de la magnifique région Auvergne-Rhône-Alpes, notre établissement offre un hébergement chaleureux et confortable pour les voyageurs en quête d&#039;une expérience authentique.Nos chambres d&#039;hôtes sont idéalement situées à proximité de Vallon-Pont-d&#039;Arc, Vals les Bains, Ruoms, Salavas et Lagorce, offrant ainsi un accès facile aux principales attractions de la région, telles que la réserve naturelle des Gorges de l&#039;Ardèche et le Parc naturel régional des Monts d&#039;Ardèche.","publisher":{"@id":"https:\/\/lesrestanques.eu\/#organization"},"potentialAction":[{"@type":"SearchAction","target":{"@type":"EntryPoint","urlTemplate":"https:\/\/lesrestanques.eu\/?s={search_term_string}"},"query-input":{"@type":"PropertyValueSpecification","valueRequired":true,"valueName":"search_term_string"}}],"inLanguage":"fr-FR"},{"@type":"Organization","@id":"https:\/\/lesrestanques.eu\/#organization","name":"Les restanques de Camélie","url":"https:\/\/lesrestanques.eu\/","logo":{"@type":"ImageObject","inLanguage":"fr-FR","@id":"https:\/\/lesrestanques.eu\/#\/schema\/logo\/image\/","url":"https:\/\/lesrestanques.eu\/wp-content\/uploads\/2023\/07\/20230511_170140-scaled.jpg","contentUrl":"https:\/\/lesrestanques.eu\/wp-content\/uploads\/2023\/07\/20230511_170140-scaled.jpg","width":2560,"height":1920,"caption":"Les restanques de Camélie"},"image":{"@id":"https:\/\/lesrestanques.eu\/#\/schema\/logo\/image\/"},"sameAs":["https:\/\/www.facebook.com\/profile.php?id=100089796713131"]}]}</script>
<!-- / Yoast SEO plugin. -->

Panier gourmand - Les restanques de Camélie

Pour le déjeuner, nous vous proposons un panier à emporter confectionné avec des produits locaux.

Les restanques de Camélie

Bienvenue dans notre charmante chambre d&#039;hôte en Ardèche ! Située au cœur de la magnifique région Auvergne-Rhône-Alpes, notre établissement offre un hébergement chaleureux et confortable pour les voyageurs en quête d&#039;une expérience authentique.Nos chambres d&#039;hôtes sont idéalement situées à proximité de Vallon-Pont-d&#039;Arc, Vals les Bains, Ruoms, Salavas et Lagorce, offrant ainsi un accès facile aux principales attractions de la région, telles que la réserve naturelle des Gorges de l&#039;Ardèche et le Parc naturel régional des Monts d&#039;Ardèche.
