{"id":305,"date":"2023-09-11T16:01:11","date_gmt":"2023-09-11T14:01:11","guid":{"rendered":"http:\/\/lesrestanques.eu\/?post_type=mphb_room_service&#038;p=305"},"modified":"2023-09-11T16:01:11","modified_gmt":"2023-09-11T14:01:11","slug":"diner","status":"publish","type":"mphb_room_service","link":"https:\/\/lesrestanques.eu\/index.php\/services\/diner\/","title":{"rendered":"D\u00eener"},"content":{"rendered":"<p><strong>Repas du soir<\/strong>, Magali et S\u00e9bastien vous proposent de vous pr\u00e9parer de bons petits plats !<\/p>\n<p>C\u2019est un menu unique dont le service se fait dans la salle \u00e0 manger ou sur la terrasse selon vos envies.<\/p>\n<ul>\n<li>Ap\u00e9ritif maison<\/li>\n<li>Entr\u00e9e<\/li>\n<li>Plat<\/li>\n<li>Assiette de fromage et\/ou dessert<\/li>\n<\/ul>\n","protected":false},"featured_media":0,"menu_order":0,"comment_status":"open","ping_status":"closed","template":"","class_list":{"0":"post-305","1":"mphb_room_service","2":"type-mphb_room_service","3":"status-publish","5":"mphb-service-pay-per-adult","6":"mphb-service-pay-by-guest-choise"},"yoast_head":"<!-- This site is optimized with the Yoast SEO plugin v27.5 - https:\/\/yoast.com\/product\/yoast-seo-wordpress\/ -->\n<title>D\u00eener - Les restanques de Cam\u00e9lie<\/title>\n<meta name=\"robots\" content=\"index, follow, max-snippet:-1, max-image-preview:large, max-video-preview:-1\" \/>\n<link rel=\"canonical\" href=\"https:\/\/lesrestanques.eu\/index.php\/services\/diner\/\" \/>\n<meta property=\"og:locale\" content=\"fr_FR\" \/>\n<meta property=\"og:type\" content=\"article\" \/>\n<meta property=\"og:title\" content=\"D\u00eener - Les restanques de Cam\u00e9lie\" \/>\n<meta property=\"og:description\" content=\"Repas du soir, Magali et S\u00e9bastien vous proposent de vous pr\u00e9parer de bons petits plats ! C\u2019est un menu unique dont le service se fait dans la salle \u00e0 manger ou sur la terrasse selon vos envies. Ap\u00e9ritif maison Entr\u00e9e Plat Assiette de fromage et\/ou dessert\" \/>\n<meta property=\"og:url\" content=\"https:\/\/lesrestanques.eu\/index.php\/services\/diner\/\" \/>\n<meta property=\"og:site_name\" content=\"Les restanques de Cam\u00e9lie\" \/>\n<meta property=\"article:publisher\" content=\"https:\/\/www.facebook.com\/profile.php?id=100089796713131\" \/>\n<meta name=\"twitter:card\" content=\"summary_large_image\" \/>\n<script type=\"application\/ld+json\" class=\"yoast-schema-graph\">{\"@context\":\"https:\\\/\\\/schema.org\",\"@graph\":[{\"@type\":\"WebPage\",\"@id\":\"https:\\\/\\\/lesrestanques.eu\\\/index.php\\\/services\\\/diner\\\/\",\"url\":\"https:\\\/\\\/lesrestanques.eu\\\/index.php\\\/services\\\/diner\\\/\",\"name\":\"D\u00eener - Les restanques de Cam\u00e9lie\",\"isPartOf\":{\"@id\":\"https:\\\/\\\/lesrestanques.eu\\\/#website\"},\"datePublished\":\"2023-09-11T14:01:11+00:00\",\"breadcrumb\":{\"@id\":\"https:\\\/\\\/lesrestanques.eu\\\/index.php\\\/services\\\/diner\\\/#breadcrumb\"},\"inLanguage\":\"fr-FR\",\"potentialAction\":[{\"@type\":\"ReadAction\",\"target\":[\"https:\\\/\\\/lesrestanques.eu\\\/index.php\\\/services\\\/diner\\\/\"]}]},{\"@type\":\"BreadcrumbList\",\"@id\":\"https:\\\/\\\/lesrestanques.eu\\\/index.php\\\/services\\\/diner\\\/#breadcrumb\",\"itemListElement\":[{\"@type\":\"ListItem\",\"position\":1,\"name\":\"Accueil\",\"item\":\"https:\\\/\\\/lesrestanques.eu\\\/\"},{\"@type\":\"ListItem\",\"position\":2,\"name\":\"Services\",\"item\":\"https:\\\/\\\/lesrestanques.eu\\\/index.php\\\/services\\\/\"},{\"@type\":\"ListItem\",\"position\":3,\"name\":\"D\u00eener\"}]},{\"@type\":\"WebSite\",\"@id\":\"https:\\\/\\\/lesrestanques.eu\\\/#website\",\"url\":\"https:\\\/\\\/lesrestanques.eu\\\/\",\"name\":\"Les restanques de Cam\u00e9lie\",\"description\":\"Bienvenue dans notre charmante chambre d&#039;h\u00f4te en Ard\u00e8che ! Situ\u00e9e au c\u0153ur de la magnifique r\u00e9gion Auvergne-Rh\u00f4ne-Alpes, notre \u00e9tablissement offre un h\u00e9bergement chaleureux et confortable pour les voyageurs en qu\u00eate d&#039;une exp\u00e9rience authentique.Nos chambres d&#039;h\u00f4tes sont id\u00e9alement situ\u00e9es \u00e0 proximit\u00e9 de Vallon-Pont-d&#039;Arc, Vals les Bains, Ruoms, Salavas et Lagorce, offrant ainsi un acc\u00e8s facile aux principales attractions de la r\u00e9gion, telles que la r\u00e9serve naturelle des Gorges de l&#039;Ard\u00e8che et le Parc naturel r\u00e9gional des Monts d&#039;Ard\u00e8che.\",\"publisher\":{\"@id\":\"https:\\\/\\\/lesrestanques.eu\\\/#organization\"},\"potentialAction\":[{\"@type\":\"SearchAction\",\"target\":{\"@type\":\"EntryPoint\",\"urlTemplate\":\"https:\\\/\\\/lesrestanques.eu\\\/?s={search_term_string}\"},\"query-input\":{\"@type\":\"PropertyValueSpecification\",\"valueRequired\":true,\"valueName\":\"search_term_string\"}}],\"inLanguage\":\"fr-FR\"},{\"@type\":\"Organization\",\"@id\":\"https:\\\/\\\/lesrestanques.eu\\\/#organization\",\"name\":\"Les restanques de Cam\u00e9lie\",\"url\":\"https:\\\/\\\/lesrestanques.eu\\\/\",\"logo\":{\"@type\":\"ImageObject\",\"inLanguage\":\"fr-FR\",\"@id\":\"https:\\\/\\\/lesrestanques.eu\\\/#\\\/schema\\\/logo\\\/image\\\/\",\"url\":\"https:\\\/\\\/lesrestanques.eu\\\/wp-content\\\/uploads\\\/2023\\\/07\\\/20230511_170140-scaled.jpg\",\"contentUrl\":\"https:\\\/\\\/lesrestanques.eu\\\/wp-content\\\/uploads\\\/2023\\\/07\\\/20230511_170140-scaled.jpg\",\"width\":2560,\"height\":1920,\"caption\":\"Les restanques de Cam\u00e9lie\"},\"image\":{\"@id\":\"https:\\\/\\\/lesrestanques.eu\\\/#\\\/schema\\\/logo\\\/image\\\/\"},\"sameAs\":[\"https:\\\/\\\/www.facebook.com\\\/profile.php?id=100089796713131\"]}]}<\/script>\n<!-- \/ Yoast SEO plugin. -->","yoast_head_json":{"title":"D\u00eener - Les restanques de Cam\u00e9lie","robots":{"index":"index","follow":"follow","max-snippet":"max-snippet:-1","max-image-preview":"max-image-preview:large","max-video-preview":"max-video-preview:-1"},"canonical":"https:\/\/lesrestanques.eu\/index.php\/services\/diner\/","og_locale":"fr_FR","og_type":"article","og_title":"D\u00eener - Les restanques de Cam\u00e9lie","og_description":"Repas du soir, Magali et S\u00e9bastien vous proposent de vous pr\u00e9parer de bons petits plats ! C\u2019est un menu unique dont le service se fait dans la salle \u00e0 manger ou sur la terrasse selon vos envies. Ap\u00e9ritif maison Entr\u00e9e Plat Assiette de fromage et\/ou dessert","og_url":"https:\/\/lesrestanques.eu\/index.php\/services\/diner\/","og_site_name":"Les restanques de Cam\u00e9lie","article_publisher":"https:\/\/www.facebook.com\/profile.php?id=100089796713131","twitter_card":"summary_large_image","schema":{"@context":"https:\/\/schema.org","@graph":[{"@type":"WebPage","@id":"https:\/\/lesrestanques.eu\/index.php\/services\/diner\/","url":"https:\/\/lesrestanques.eu\/index.php\/services\/diner\/","name":"D\u00eener - Les restanques de Cam\u00e9lie","isPartOf":{"@id":"https:\/\/lesrestanques.eu\/#website"},"datePublished":"2023-09-11T14:01:11+00:00","breadcrumb":{"@id":"https:\/\/lesrestanques.eu\/index.php\/services\/diner\/#breadcrumb"},"inLanguage":"fr-FR","potentialAction":[{"@type":"ReadAction","target":["https:\/\/lesrestanques.eu\/index.php\/services\/diner\/"]}]},{"@type":"BreadcrumbList","@id":"https:\/\/lesrestanques.eu\/index.php\/services\/diner\/#breadcrumb","itemListElement":[{"@type":"ListItem","position":1,"name":"Accueil","item":"https:\/\/lesrestanques.eu\/"},{"@type":"ListItem","position":2,"name":"Services","item":"https:\/\/lesrestanques.eu\/index.php\/services\/"},{"@type":"ListItem","position":3,"name":"D\u00eener"}]},{"@type":"WebSite","@id":"https:\/\/lesrestanques.eu\/#website","url":"https:\/\/lesrestanques.eu\/","name":"Les restanques de Cam\u00e9lie","description":"Bienvenue dans notre charmante chambre d&#039;h\u00f4te en Ard\u00e8che ! Situ\u00e9e au c\u0153ur de la magnifique r\u00e9gion Auvergne-Rh\u00f4ne-Alpes, notre \u00e9tablissement offre un h\u00e9bergement chaleureux et confortable pour les voyageurs en qu\u00eate d&#039;une exp\u00e9rience authentique.Nos chambres d&#039;h\u00f4tes sont id\u00e9alement situ\u00e9es \u00e0 proximit\u00e9 de Vallon-Pont-d&#039;Arc, Vals les Bains, Ruoms, Salavas et Lagorce, offrant ainsi un acc\u00e8s facile aux principales attractions de la r\u00e9gion, telles que la r\u00e9serve naturelle des Gorges de l&#039;Ard\u00e8che et le Parc naturel r\u00e9gional des Monts d&#039;Ard\u00e8che.","publisher":{"@id":"https:\/\/lesrestanques.eu\/#organization"},"potentialAction":[{"@type":"SearchAction","target":{"@type":"EntryPoint","urlTemplate":"https:\/\/lesrestanques.eu\/?s={search_term_string}"},"query-input":{"@type":"PropertyValueSpecification","valueRequired":true,"valueName":"search_term_string"}}],"inLanguage":"fr-FR"},{"@type":"Organization","@id":"https:\/\/lesrestanques.eu\/#organization","name":"Les restanques de Cam\u00e9lie","url":"https:\/\/lesrestanques.eu\/","logo":{"@type":"ImageObject","inLanguage":"fr-FR","@id":"https:\/\/lesrestanques.eu\/#\/schema\/logo\/image\/","url":"https:\/\/lesrestanques.eu\/wp-content\/uploads\/2023\/07\/20230511_170140-scaled.jpg","contentUrl":"https:\/\/lesrestanques.eu\/wp-content\/uploads\/2023\/07\/20230511_170140-scaled.jpg","width":2560,"height":1920,"caption":"Les restanques de Cam\u00e9lie"},"image":{"@id":"https:\/\/lesrestanques.eu\/#\/schema\/logo\/image\/"},"sameAs":["https:\/\/www.facebook.com\/profile.php?id=100089796713131"]}]}},"_links":{"self":[{"href":"https:\/\/lesrestanques.eu\/index.php\/wp-json\/wp\/v2\/mphb_room_service\/305","targetHints":{"allow":["GET"]}}],"collection":[{"href":"https:\/\/lesrestanques.eu\/index.php\/wp-json\/wp\/v2\/mphb_room_service"}],"about":[{"href":"https:\/\/lesrestanques.eu\/index.php\/wp-json\/wp\/v2\/types\/mphb_room_service"}],"replies":[{"embeddable":true,"href":"https:\/\/lesrestanques.eu\/index.php\/wp-json\/wp\/v2\/comments?post=305"}],"wp:attachment":[{"href":"https:\/\/lesrestanques.eu\/index.php\/wp-json\/wp\/v2\/media?parent=305"}],"curies":[{"name":"wp","href":"https:\/\/api.w.org\/{rel}","templated":true}]}}

Dîner

<p><strong>Repas du soir</strong>, Magali et Sébastien vous proposent de vous préparer de bons petits plats !</p>
<p>C’est un menu unique dont le service se fait dans la salle à manger ou sur la terrasse selon vos envies.</p>
<ul>
<li>Apéritif maison</li>
<li>Entrée</li>
<li>Plat</li>
<li>Assiette de fromage et/ou dessert</li>
</ul>

<!-- This site is optimized with the Yoast SEO plugin v27.5 - https://yoast.com/product/yoast-seo-wordpress/ -->
<title>Dîner - Les restanques de Camélie</title>
<meta name="robots" content="index, follow, max-snippet:-1, max-image-preview:large, max-video-preview:-1" />
<link rel="canonical" href="https://lesrestanques.eu/index.php/services/diner/" />
<meta property="og:locale" content="fr_FR" />
<meta property="og:type" content="article" />
<meta property="og:title" content="Dîner - Les restanques de Camélie" />
<meta property="og:description" content="Repas du soir, Magali et Sébastien vous proposent de vous préparer de bons petits plats ! C’est un menu unique dont le service se fait dans la salle à manger ou sur la terrasse selon vos envies. Apéritif maison Entrée Plat Assiette de fromage et/ou dessert" />
<meta property="og:url" content="https://lesrestanques.eu/index.php/services/diner/" />
<meta property="og:site_name" content="Les restanques de Camélie" />
<meta property="article:publisher" content="https://www.facebook.com/profile.php?id=100089796713131" />
<meta name="twitter:card" content="summary_large_image" />
<script type="application/ld+json" class="yoast-schema-graph">{"@context":"https:\/\/schema.org","@graph":[{"@type":"WebPage","@id":"https:\/\/lesrestanques.eu\/index.php\/services\/diner\/","url":"https:\/\/lesrestanques.eu\/index.php\/services\/diner\/","name":"Dîner - Les restanques de Camélie","isPartOf":{"@id":"https:\/\/lesrestanques.eu\/#website"},"datePublished":"2023-09-11T14:01:11+00:00","breadcrumb":{"@id":"https:\/\/lesrestanques.eu\/index.php\/services\/diner\/#breadcrumb"},"inLanguage":"fr-FR","potentialAction":[{"@type":"ReadAction","target":["https:\/\/lesrestanques.eu\/index.php\/services\/diner\/"]}]},{"@type":"BreadcrumbList","@id":"https:\/\/lesrestanques.eu\/index.php\/services\/diner\/#breadcrumb","itemListElement":[{"@type":"ListItem","position":1,"name":"Accueil","item":"https:\/\/lesrestanques.eu\/"},{"@type":"ListItem","position":2,"name":"Services","item":"https:\/\/lesrestanques.eu\/index.php\/services\/"},{"@type":"ListItem","position":3,"name":"Dîner"}]},{"@type":"WebSite","@id":"https:\/\/lesrestanques.eu\/#website","url":"https:\/\/lesrestanques.eu\/","name":"Les restanques de Camélie","description":"Bienvenue dans notre charmante chambre d&#039;hôte en Ardèche ! Située au cœur de la magnifique région Auvergne-Rhône-Alpes, notre établissement offre un hébergement chaleureux et confortable pour les voyageurs en quête d&#039;une expérience authentique.Nos chambres d&#039;hôtes sont idéalement situées à proximité de Vallon-Pont-d&#039;Arc, Vals les Bains, Ruoms, Salavas et Lagorce, offrant ainsi un accès facile aux principales attractions de la région, telles que la réserve naturelle des Gorges de l&#039;Ardèche et le Parc naturel régional des Monts d&#039;Ardèche.","publisher":{"@id":"https:\/\/lesrestanques.eu\/#organization"},"potentialAction":[{"@type":"SearchAction","target":{"@type":"EntryPoint","urlTemplate":"https:\/\/lesrestanques.eu\/?s={search_term_string}"},"query-input":{"@type":"PropertyValueSpecification","valueRequired":true,"valueName":"search_term_string"}}],"inLanguage":"fr-FR"},{"@type":"Organization","@id":"https:\/\/lesrestanques.eu\/#organization","name":"Les restanques de Camélie","url":"https:\/\/lesrestanques.eu\/","logo":{"@type":"ImageObject","inLanguage":"fr-FR","@id":"https:\/\/lesrestanques.eu\/#\/schema\/logo\/image\/","url":"https:\/\/lesrestanques.eu\/wp-content\/uploads\/2023\/07\/20230511_170140-scaled.jpg","contentUrl":"https:\/\/lesrestanques.eu\/wp-content\/uploads\/2023\/07\/20230511_170140-scaled.jpg","width":2560,"height":1920,"caption":"Les restanques de Camélie"},"image":{"@id":"https:\/\/lesrestanques.eu\/#\/schema\/logo\/image\/"},"sameAs":["https:\/\/www.facebook.com\/profile.php?id=100089796713131"]}]}</script>
<!-- / Yoast SEO plugin. -->

Dîner - Les restanques de Camélie

Repas du soir, Magali et Sébastien vous proposent de vous préparer de bons petits plats ! C’est un menu unique dont le service se fait dans la salle à manger ou sur la terrasse selon vos envies. Apéritif maison Entrée Plat Assiette de fromage et/ou dessert

Les restanques de Camélie

Bienvenue dans notre charmante chambre d&#039;hôte en Ardèche ! Située au cœur de la magnifique région Auvergne-Rhône-Alpes, notre établissement offre un hébergement chaleureux et confortable pour les voyageurs en quête d&#039;une expérience authentique.Nos chambres d&#039;hôtes sont idéalement situées à proximité de Vallon-Pont-d&#039;Arc, Vals les Bains, Ruoms, Salavas et Lagorce, offrant ainsi un accès facile aux principales attractions de la région, telles que la réserve naturelle des Gorges de l&#039;Ardèche et le Parc naturel régional des Monts d&#039;Ardèche.
