{"id":149,"date":"2023-05-01T19:33:08","date_gmt":"2023-05-01T17:33:08","guid":{"rendered":"http:\/\/lesrestanques.eu\/?post_type=mphb_room_type&#038;p=149"},"modified":"2024-03-24T03:03:43","modified_gmt":"2024-03-24T02:03:43","slug":"escoutay","status":"publish","type":"mphb_room_type","link":"https:\/\/lesrestanques.eu\/index.php\/accommodation\/escoutay\/","title":{"rendered":"Escoutay"},"content":{"rendered":"<p class=\"font_7 wixui-rich-text__text\">Jolie chambre \u00e0 l\u2019ambiance \u00ab cosy \u00bb de 35 m\u00b2 vous offrant une capacit\u00e9 de 4 personnes, 2 chambres communes s\u00e9parer d&rsquo;une cloison ayant chacune un grand lit de 160.<\/p>\n<p class=\"font_7 wixui-rich-text__text\">Vous pourrez vous d\u00e9tendre sur un coin terrasse avec un acc\u00e8s \u00e0 la piscine.<\/p>\n","protected":false},"excerpt":{"rendered":"<p>Jolie chambre \u00e0 l\u2019ambiance \u00ab cosy \u00bb de 35 m\u00b2 vous offrant une capacit\u00e9 de 4 personnes, 2 chambres communes s\u00e9parer d&rsquo;une cloison ayant chacune un grand lit de 160. Vous pourrez vous d\u00e9tendre sur un coin terrasse avec un acc\u00e8s \u00e0 la piscine.<\/p>\n","protected":false},"featured_media":0,"menu_order":0,"comment_status":"open","ping_status":"closed","template":"","mphb_room_type_category":[4],"mphb_room_type_tag":[],"mphb_room_type_facility":[13,23,16,20,21,18,17,24,22,14,15,25,19,12],"class_list":["post-149","mphb_room_type","type-mphb_room_type","status-publish","hentry","mphb_room_type_category-familiale","mphb_room_type_facility-air-conditionne","mphb_room_type_facility-livre","mphb_room_type_facility-chambre","mphb_room_type_facility-drap","mphb_room_type_facility-equipement","mphb_room_type_facility-lit-bebe","mphb_room_type_facility-appoint","mphb_room_type_facility-jeux","mphb_room_type_facility-piscine","mphb_room_type_facility-salle-de-bain","mphb_room_type_facility-serviette","mphb_room_type_facility-ping-pong","mphb_room_type_facility-terrasse-privative","mphb_room_type_facility-wifi","mphb-room-type-adults-2","mphb-room-type-children-2","has-taxes-and-fees"],"yoast_head":"<!-- This site is optimized with the Yoast SEO plugin v27.5 - https:\/\/yoast.com\/product\/yoast-seo-wordpress\/ -->\n<title>Escoutay - Les restanques de Cam\u00e9lie<\/title>\n<meta name=\"description\" content=\"Jolie chambre \u00e0 l\u2019ambiance \u00ab cosy \u00bb de 35 m\u00b2 vous offrant une capacit\u00e9 de 4 personnes, 2 chambres communes s\u00e9parer d&#039;une cloison.\" \/>\n<meta name=\"robots\" content=\"index, follow, max-snippet:-1, max-image-preview:large, max-video-preview:-1\" \/>\n<link rel=\"canonical\" href=\"https:\/\/lesrestanques.eu\/index.php\/accommodation\/escoutay\/\" \/>\n<meta property=\"og:locale\" content=\"fr_FR\" \/>\n<meta property=\"og:type\" content=\"article\" \/>\n<meta property=\"og:title\" content=\"Escoutay - Les restanques de Cam\u00e9lie\" \/>\n<meta property=\"og:description\" content=\"Jolie chambre \u00e0 l\u2019ambiance \u00ab cosy \u00bb de 35 m\u00b2 vous offrant une capacit\u00e9 de 4 personnes, 2 chambres communes s\u00e9parer d&#039;une cloison.\" \/>\n<meta property=\"og:url\" content=\"https:\/\/lesrestanques.eu\/index.php\/accommodation\/escoutay\/\" \/>\n<meta property=\"og:site_name\" content=\"Les restanques de Cam\u00e9lie\" \/>\n<meta property=\"article:publisher\" content=\"https:\/\/www.facebook.com\/profile.php?id=100089796713131\" \/>\n<meta property=\"article:modified_time\" content=\"2024-03-24T02:03:43+00:00\" \/>\n<meta name=\"twitter:card\" content=\"summary_large_image\" \/>\n<meta name=\"twitter:label1\" content=\"Dur\u00e9e de lecture estim\u00e9e\" \/>\n\t<meta name=\"twitter:data1\" content=\"1 minute\" \/>\n<script type=\"application\/ld+json\" class=\"yoast-schema-graph\">{\"@context\":\"https:\\\/\\\/schema.org\",\"@graph\":[{\"@type\":\"WebPage\",\"@id\":\"https:\\\/\\\/lesrestanques.eu\\\/index.php\\\/accommodation\\\/escoutay\\\/\",\"url\":\"https:\\\/\\\/lesrestanques.eu\\\/index.php\\\/accommodation\\\/escoutay\\\/\",\"name\":\"Escoutay - Les restanques de Cam\u00e9lie\",\"isPartOf\":{\"@id\":\"https:\\\/\\\/lesrestanques.eu\\\/#website\"},\"datePublished\":\"2023-05-01T17:33:08+00:00\",\"dateModified\":\"2024-03-24T02:03:43+00:00\",\"description\":\"Jolie chambre \u00e0 l\u2019ambiance \u00ab cosy \u00bb de 35 m\u00b2 vous offrant une capacit\u00e9 de 4 personnes, 2 chambres communes s\u00e9parer d'une cloison.\",\"breadcrumb\":{\"@id\":\"https:\\\/\\\/lesrestanques.eu\\\/index.php\\\/accommodation\\\/escoutay\\\/#breadcrumb\"},\"inLanguage\":\"fr-FR\",\"potentialAction\":[{\"@type\":\"ReadAction\",\"target\":[\"https:\\\/\\\/lesrestanques.eu\\\/index.php\\\/accommodation\\\/escoutay\\\/\"]}]},{\"@type\":\"BreadcrumbList\",\"@id\":\"https:\\\/\\\/lesrestanques.eu\\\/index.php\\\/accommodation\\\/escoutay\\\/#breadcrumb\",\"itemListElement\":[{\"@type\":\"ListItem\",\"position\":1,\"name\":\"Accueil\",\"item\":\"https:\\\/\\\/lesrestanques.eu\\\/\"},{\"@type\":\"ListItem\",\"position\":2,\"name\":\"Types de logement\",\"item\":\"https:\\\/\\\/lesrestanques.eu\\\/index.php\\\/accommodation\\\/\"},{\"@type\":\"ListItem\",\"position\":3,\"name\":\"Escoutay\"}]},{\"@type\":\"WebSite\",\"@id\":\"https:\\\/\\\/lesrestanques.eu\\\/#website\",\"url\":\"https:\\\/\\\/lesrestanques.eu\\\/\",\"name\":\"Les restanques de Cam\u00e9lie\",\"description\":\"Bienvenue dans notre charmante chambre d&#039;h\u00f4te en Ard\u00e8che ! Situ\u00e9e au c\u0153ur de la magnifique r\u00e9gion Auvergne-Rh\u00f4ne-Alpes, notre \u00e9tablissement offre un h\u00e9bergement chaleureux et confortable pour les voyageurs en qu\u00eate d&#039;une exp\u00e9rience authentique.Nos chambres d&#039;h\u00f4tes sont id\u00e9alement situ\u00e9es \u00e0 proximit\u00e9 de Vallon-Pont-d&#039;Arc, Vals les Bains, Ruoms, Salavas et Lagorce, offrant ainsi un acc\u00e8s facile aux principales attractions de la r\u00e9gion, telles que la r\u00e9serve naturelle des Gorges de l&#039;Ard\u00e8che et le Parc naturel r\u00e9gional des Monts d&#039;Ard\u00e8che.\",\"publisher\":{\"@id\":\"https:\\\/\\\/lesrestanques.eu\\\/#organization\"},\"potentialAction\":[{\"@type\":\"SearchAction\",\"target\":{\"@type\":\"EntryPoint\",\"urlTemplate\":\"https:\\\/\\\/lesrestanques.eu\\\/?s={search_term_string}\"},\"query-input\":{\"@type\":\"PropertyValueSpecification\",\"valueRequired\":true,\"valueName\":\"search_term_string\"}}],\"inLanguage\":\"fr-FR\"},{\"@type\":\"Organization\",\"@id\":\"https:\\\/\\\/lesrestanques.eu\\\/#organization\",\"name\":\"Les restanques de Cam\u00e9lie\",\"url\":\"https:\\\/\\\/lesrestanques.eu\\\/\",\"logo\":{\"@type\":\"ImageObject\",\"inLanguage\":\"fr-FR\",\"@id\":\"https:\\\/\\\/lesrestanques.eu\\\/#\\\/schema\\\/logo\\\/image\\\/\",\"url\":\"https:\\\/\\\/lesrestanques.eu\\\/wp-content\\\/uploads\\\/2023\\\/07\\\/20230511_170140-scaled.jpg\",\"contentUrl\":\"https:\\\/\\\/lesrestanques.eu\\\/wp-content\\\/uploads\\\/2023\\\/07\\\/20230511_170140-scaled.jpg\",\"width\":2560,\"height\":1920,\"caption\":\"Les restanques de Cam\u00e9lie\"},\"image\":{\"@id\":\"https:\\\/\\\/lesrestanques.eu\\\/#\\\/schema\\\/logo\\\/image\\\/\"},\"sameAs\":[\"https:\\\/\\\/www.facebook.com\\\/profile.php?id=100089796713131\"]}]}<\/script>\n<!-- \/ Yoast SEO plugin. -->","yoast_head_json":{"title":"Escoutay - Les restanques de Cam\u00e9lie","description":"Jolie chambre \u00e0 l\u2019ambiance \u00ab cosy \u00bb de 35 m\u00b2 vous offrant une capacit\u00e9 de 4 personnes, 2 chambres communes s\u00e9parer d'une cloison.","robots":{"index":"index","follow":"follow","max-snippet":"max-snippet:-1","max-image-preview":"max-image-preview:large","max-video-preview":"max-video-preview:-1"},"canonical":"https:\/\/lesrestanques.eu\/index.php\/accommodation\/escoutay\/","og_locale":"fr_FR","og_type":"article","og_title":"Escoutay - Les restanques de Cam\u00e9lie","og_description":"Jolie chambre \u00e0 l\u2019ambiance \u00ab cosy \u00bb de 35 m\u00b2 vous offrant une capacit\u00e9 de 4 personnes, 2 chambres communes s\u00e9parer d'une cloison.","og_url":"https:\/\/lesrestanques.eu\/index.php\/accommodation\/escoutay\/","og_site_name":"Les restanques de Cam\u00e9lie","article_publisher":"https:\/\/www.facebook.com\/profile.php?id=100089796713131","article_modified_time":"2024-03-24T02:03:43+00:00","twitter_card":"summary_large_image","twitter_misc":{"Dur\u00e9e de lecture estim\u00e9e":"1 minute"},"schema":{"@context":"https:\/\/schema.org","@graph":[{"@type":"WebPage","@id":"https:\/\/lesrestanques.eu\/index.php\/accommodation\/escoutay\/","url":"https:\/\/lesrestanques.eu\/index.php\/accommodation\/escoutay\/","name":"Escoutay - Les restanques de Cam\u00e9lie","isPartOf":{"@id":"https:\/\/lesrestanques.eu\/#website"},"datePublished":"2023-05-01T17:33:08+00:00","dateModified":"2024-03-24T02:03:43+00:00","description":"Jolie chambre \u00e0 l\u2019ambiance \u00ab cosy \u00bb de 35 m\u00b2 vous offrant une capacit\u00e9 de 4 personnes, 2 chambres communes s\u00e9parer d'une cloison.","breadcrumb":{"@id":"https:\/\/lesrestanques.eu\/index.php\/accommodation\/escoutay\/#breadcrumb"},"inLanguage":"fr-FR","potentialAction":[{"@type":"ReadAction","target":["https:\/\/lesrestanques.eu\/index.php\/accommodation\/escoutay\/"]}]},{"@type":"BreadcrumbList","@id":"https:\/\/lesrestanques.eu\/index.php\/accommodation\/escoutay\/#breadcrumb","itemListElement":[{"@type":"ListItem","position":1,"name":"Accueil","item":"https:\/\/lesrestanques.eu\/"},{"@type":"ListItem","position":2,"name":"Types de logement","item":"https:\/\/lesrestanques.eu\/index.php\/accommodation\/"},{"@type":"ListItem","position":3,"name":"Escoutay"}]},{"@type":"WebSite","@id":"https:\/\/lesrestanques.eu\/#website","url":"https:\/\/lesrestanques.eu\/","name":"Les restanques de Cam\u00e9lie","description":"Bienvenue dans notre charmante chambre d&#039;h\u00f4te en Ard\u00e8che ! Situ\u00e9e au c\u0153ur de la magnifique r\u00e9gion Auvergne-Rh\u00f4ne-Alpes, notre \u00e9tablissement offre un h\u00e9bergement chaleureux et confortable pour les voyageurs en qu\u00eate d&#039;une exp\u00e9rience authentique.Nos chambres d&#039;h\u00f4tes sont id\u00e9alement situ\u00e9es \u00e0 proximit\u00e9 de Vallon-Pont-d&#039;Arc, Vals les Bains, Ruoms, Salavas et Lagorce, offrant ainsi un acc\u00e8s facile aux principales attractions de la r\u00e9gion, telles que la r\u00e9serve naturelle des Gorges de l&#039;Ard\u00e8che et le Parc naturel r\u00e9gional des Monts d&#039;Ard\u00e8che.","publisher":{"@id":"https:\/\/lesrestanques.eu\/#organization"},"potentialAction":[{"@type":"SearchAction","target":{"@type":"EntryPoint","urlTemplate":"https:\/\/lesrestanques.eu\/?s={search_term_string}"},"query-input":{"@type":"PropertyValueSpecification","valueRequired":true,"valueName":"search_term_string"}}],"inLanguage":"fr-FR"},{"@type":"Organization","@id":"https:\/\/lesrestanques.eu\/#organization","name":"Les restanques de Cam\u00e9lie","url":"https:\/\/lesrestanques.eu\/","logo":{"@type":"ImageObject","inLanguage":"fr-FR","@id":"https:\/\/lesrestanques.eu\/#\/schema\/logo\/image\/","url":"https:\/\/lesrestanques.eu\/wp-content\/uploads\/2023\/07\/20230511_170140-scaled.jpg","contentUrl":"https:\/\/lesrestanques.eu\/wp-content\/uploads\/2023\/07\/20230511_170140-scaled.jpg","width":2560,"height":1920,"caption":"Les restanques de Cam\u00e9lie"},"image":{"@id":"https:\/\/lesrestanques.eu\/#\/schema\/logo\/image\/"},"sameAs":["https:\/\/www.facebook.com\/profile.php?id=100089796713131"]}]}},"_links":{"self":[{"href":"https:\/\/lesrestanques.eu\/index.php\/wp-json\/wp\/v2\/mphb_room_type\/149","targetHints":{"allow":["GET"]}}],"collection":[{"href":"https:\/\/lesrestanques.eu\/index.php\/wp-json\/wp\/v2\/mphb_room_type"}],"about":[{"href":"https:\/\/lesrestanques.eu\/index.php\/wp-json\/wp\/v2\/types\/mphb_room_type"}],"replies":[{"embeddable":true,"href":"https:\/\/lesrestanques.eu\/index.php\/wp-json\/wp\/v2\/comments?post=149"}],"wp:attachment":[{"href":"https:\/\/lesrestanques.eu\/index.php\/wp-json\/wp\/v2\/media?parent=149"}],"wp:term":[{"taxonomy":"mphb_room_type_category","embeddable":true,"href":"https:\/\/lesrestanques.eu\/index.php\/wp-json\/wp\/v2\/mphb_room_type_category?post=149"},{"taxonomy":"mphb_room_type_tag","embeddable":true,"href":"https:\/\/lesrestanques.eu\/index.php\/wp-json\/wp\/v2\/mphb_room_type_tag?post=149"},{"taxonomy":"mphb_room_type_facility","embeddable":true,"href":"https:\/\/lesrestanques.eu\/index.php\/wp-json\/wp\/v2\/mphb_room_type_facility?post=149"}],"curies":[{"name":"wp","href":"https:\/\/api.w.org\/{rel}","templated":true}]}}

<p class="font_7 wixui-rich-text__text">Jolie chambre à l’ambiance « cosy » de 35 m² vous offrant une capacité de 4 personnes, 2 chambres communes séparer d&rsquo;une cloison ayant chacune un grand lit de 160.</p>
<p class="font_7 wixui-rich-text__text">Vous pourrez vous détendre sur un coin terrasse avec un accès à la piscine.</p>

<p>Jolie chambre à l’ambiance « cosy » de 35 m² vous offrant une capacité de 4 personnes, 2 chambres communes séparer d&rsquo;une cloison ayant chacune un grand lit de 160. Vous pourrez vous détendre sur un coin terrasse avec un accès à la piscine.</p>

<!-- This site is optimized with the Yoast SEO plugin v27.5 - https://yoast.com/product/yoast-seo-wordpress/ -->
<title>Escoutay - Les restanques de Camélie</title>
<meta name="description" content="Jolie chambre à l’ambiance « cosy » de 35 m² vous offrant une capacité de 4 personnes, 2 chambres communes séparer d&#039;une cloison." />
<meta name="robots" content="index, follow, max-snippet:-1, max-image-preview:large, max-video-preview:-1" />
<link rel="canonical" href="https://lesrestanques.eu/index.php/accommodation/escoutay/" />
<meta property="og:locale" content="fr_FR" />
<meta property="og:type" content="article" />
<meta property="og:title" content="Escoutay - Les restanques de Camélie" />
<meta property="og:description" content="Jolie chambre à l’ambiance « cosy » de 35 m² vous offrant une capacité de 4 personnes, 2 chambres communes séparer d&#039;une cloison." />
<meta property="og:url" content="https://lesrestanques.eu/index.php/accommodation/escoutay/" />
<meta property="og:site_name" content="Les restanques de Camélie" />
<meta property="article:publisher" content="https://www.facebook.com/profile.php?id=100089796713131" />
<meta property="article:modified_time" content="2024-03-24T02:03:43+00:00" />
<meta name="twitter:card" content="summary_large_image" />
<meta name="twitter:label1" content="Durée de lecture estimée" />
	<meta name="twitter:data1" content="1 minute" />
<script type="application/ld+json" class="yoast-schema-graph">{"@context":"https:\/\/schema.org","@graph":[{"@type":"WebPage","@id":"https:\/\/lesrestanques.eu\/index.php\/accommodation\/escoutay\/","url":"https:\/\/lesrestanques.eu\/index.php\/accommodation\/escoutay\/","name":"Escoutay - Les restanques de Camélie","isPartOf":{"@id":"https:\/\/lesrestanques.eu\/#website"},"datePublished":"2023-05-01T17:33:08+00:00","dateModified":"2024-03-24T02:03:43+00:00","description":"Jolie chambre à l’ambiance « cosy » de 35 m² vous offrant une capacité de 4 personnes, 2 chambres communes séparer d'une cloison.","breadcrumb":{"@id":"https:\/\/lesrestanques.eu\/index.php\/accommodation\/escoutay\/#breadcrumb"},"inLanguage":"fr-FR","potentialAction":[{"@type":"ReadAction","target":["https:\/\/lesrestanques.eu\/index.php\/accommodation\/escoutay\/"]}]},{"@type":"BreadcrumbList","@id":"https:\/\/lesrestanques.eu\/index.php\/accommodation\/escoutay\/#breadcrumb","itemListElement":[{"@type":"ListItem","position":1,"name":"Accueil","item":"https:\/\/lesrestanques.eu\/"},{"@type":"ListItem","position":2,"name":"Types de logement","item":"https:\/\/lesrestanques.eu\/index.php\/accommodation\/"},{"@type":"ListItem","position":3,"name":"Escoutay"}]},{"@type":"WebSite","@id":"https:\/\/lesrestanques.eu\/#website","url":"https:\/\/lesrestanques.eu\/","name":"Les restanques de Camélie","description":"Bienvenue dans notre charmante chambre d&#039;hôte en Ardèche ! Située au cœur de la magnifique région Auvergne-Rhône-Alpes, notre établissement offre un hébergement chaleureux et confortable pour les voyageurs en quête d&#039;une expérience authentique.Nos chambres d&#039;hôtes sont idéalement situées à proximité de Vallon-Pont-d&#039;Arc, Vals les Bains, Ruoms, Salavas et Lagorce, offrant ainsi un accès facile aux principales attractions de la région, telles que la réserve naturelle des Gorges de l&#039;Ardèche et le Parc naturel régional des Monts d&#039;Ardèche.","publisher":{"@id":"https:\/\/lesrestanques.eu\/#organization"},"potentialAction":[{"@type":"SearchAction","target":{"@type":"EntryPoint","urlTemplate":"https:\/\/lesrestanques.eu\/?s={search_term_string}"},"query-input":{"@type":"PropertyValueSpecification","valueRequired":true,"valueName":"search_term_string"}}],"inLanguage":"fr-FR"},{"@type":"Organization","@id":"https:\/\/lesrestanques.eu\/#organization","name":"Les restanques de Camélie","url":"https:\/\/lesrestanques.eu\/","logo":{"@type":"ImageObject","inLanguage":"fr-FR","@id":"https:\/\/lesrestanques.eu\/#\/schema\/logo\/image\/","url":"https:\/\/lesrestanques.eu\/wp-content\/uploads\/2023\/07\/20230511_170140-scaled.jpg","contentUrl":"https:\/\/lesrestanques.eu\/wp-content\/uploads\/2023\/07\/20230511_170140-scaled.jpg","width":2560,"height":1920,"caption":"Les restanques de Camélie"},"image":{"@id":"https:\/\/lesrestanques.eu\/#\/schema\/logo\/image\/"},"sameAs":["https:\/\/www.facebook.com\/profile.php?id=100089796713131"]}]}</script>
<!-- / Yoast SEO plugin. -->

Escoutay - Les restanques de Camélie

Jolie chambre à l’ambiance « cosy » de 35 m² vous offrant une capacité de 4 personnes, 2 chambres communes séparer d'une cloison.

Les restanques de Camélie

Bienvenue dans notre charmante chambre d&#039;hôte en Ardèche ! Située au cœur de la magnifique région Auvergne-Rhône-Alpes, notre établissement offre un hébergement chaleureux et confortable pour les voyageurs en quête d&#039;une expérience authentique.Nos chambres d&#039;hôtes sont idéalement situées à proximité de Vallon-Pont-d&#039;Arc, Vals les Bains, Ruoms, Salavas et Lagorce, offrant ainsi un accès facile aux principales attractions de la région, telles que la réserve naturelle des Gorges de l&#039;Ardèche et le Parc naturel régional des Monts d&#039;Ardèche.
